{"id":1945,"date":"2019-01-05T10:15:08","date_gmt":"2019-01-05T15:15:08","guid":{"rendered":"http:\/\/devocion.seminariobiblicocucuta.org\/?page_id=1945"},"modified":"2024-02-11T13:15:14","modified_gmt":"2024-02-11T18:15:14","slug":"devocion","status":"publish","type":"page","link":"https:\/\/devocion.seminariobiblicocucuta.org\/index.php\/devocion\/","title":{"rendered":"Devoci\u00f3n"},"content":{"rendered":"\n<hr class=\"wp-block-separator has-css-opacity\"\/>\n\n\n<h2><a href=\"http:\/\/devocion.seminariobiblicocucuta.org\/d-001\" target=\"_blank\" rel=\"noopener\">Lo m\u00e1ximo de m\u00ed por lo supremo de \u00c9l<\/a><\/h2>\n<p><em>Euseb\u00e9s<\/em> es la palabra griega a veces traducida como piedad, en otras ocasiones como devoci\u00f3n.<\/p>\n<p>Lo que describe es una sagrada contemplaci\u00f3n maravillada, llena de admiraci\u00f3n, y una reverencia bien dirigida que se exh\u00edbe especialmente en acciones. Entre los griegos se usaba, por ejemplo, para hablar de la piedad practicada hacia los padres. En el Nuevo Testamento se usa de una actitud devota hacia Dios.<\/p>\n<p>Si Dios premia a los que le buscan (Heb 11:6), es obvio que no podemos dejar de <em>buscarlo.<\/em><\/p>\n<p>No porque todav\u00eda estemos inseguros sobre el si o el c\u00f3mo o el d\u00f3nde&#8230; esta inseguridad desapareci\u00f3 con la irrupci\u00f3n del Se\u00f1or Jesucristo en nuestras vidas. Tampoco en el sentido de los que busquen a alguien para obtener una clase de beneficio, ni siquiera el m\u00e1s noble, el placer de entrar en relaci\u00f3n \u00edntima con \u00c9l que ahora llamamos \u00abDios m\u00edo\u00bb.<\/p>\n<p>No, esta b\u00fasqueda tiene un prop\u00f3sito \u00fanico: devoci\u00f3n. Y para esta devoci\u00f3n es imprescindible conocer m\u00e1s, comprender m\u00e1s, disminuir aunque sea por poco, la distancia por naturaleza que separa a los que somos humanos limitados del Dios ilimitado. Si al intentarlo perdemos un tanto del lastre del ego que llevamos amarrado mientras respiremos debajo del cielo&#8230; la gloria sera s\u00f3lo de \u00c9l.<\/p>\n<p><strong>Recomendaci\u00f3n:<\/strong>\u00a0 sin importar la fecha, inicie con el <a href=\"http:\/\/devocion.seminariobiblicocucuta.org\/doc-001\">devocional titular<\/a>. Tambi\u00e9n hay un n\u00famero de art\u00edculos con un mensaje urgente y especial para los creyentes de hoy: las encuentra en la p\u00e1gina <a href=\"http:\/\/devocion.seminariobiblicocucuta.org\/ocindex\">Estaciones.<\/a><\/p>\n<h2>La Ruta de la devoci\u00f3n<\/h2>\n<p>\u00bfPor qu\u00e9 poner en un blog un texto publicamente accesible como la conocida obra maestra de Oswald Chambers, \u00abMy Utmost For His Highest\u00bb (Lo m\u00e1ximo de m\u00ed por lo sublime de \u00c9l)?<\/p>\n<p>El motivo es simple. Si anteriormente\u00a0el creyente\u00a0\u00e1vido de conocimiento se ve\u00eda inhibido por falta de recursos o disponibilidad de textos, hoy es precisamente una avalancha de ofertas que le impide encontrar lo excelente, enterrado en el mont\u00f3n de lo mediocre y hasta lo absolutamente da\u00f1ino pero \u00a1ay! tan popular.<\/p>\n<p><em>Lo m\u00e1ximo de m\u00ed por lo m\u00e1s sublime de \u00c9l<\/em> no es una gu\u00eda para los que busquen bendiciones tangibles, o una vida familiar armoniosa, o sobresalir en alg\u00fan campo de inter\u00e9s humano. Tampoco es un libro recomendable para los que quieren ganar adeptos de s\u00ed mismos o de su denominaci\u00f3n. Indudablemente es un compendio devocional para los que anhelan ser disc\u00edpulos, es decir, los que anhelan estar atentos\u00a0al pie del Maestro para luego\u00a0seguir y servirle.<\/p>\n<h2>Metodolog\u00eda<\/h2>\n<p>Es evidente que el mayor provecho se logra por medio de la constante meditaci\u00f3n devota.\u00a0Parece ser lo que\u00a0motiv\u00f3\u00a0al autor a expresar su pensamiento en forma de un devocional diario, girando alrededor de la relaci\u00f3n entre la persona y Jesucristo.<\/p>\n<p>Con el fin de facilitar el acceso al pensamiento del autor, cada devocional se compone de tres elementos:<\/p>\n<ol>\n<li>La cita o porci\u00f3n de texto que el autor eligi\u00f3. De acuerdo a las diferencias entre las versiones b\u00edblicas, he optado por la version que m\u00e1s parece acercarse a la interpretaci\u00f3n de Chambers y, en ocasiones, por dos o m\u00e1s de ellas.<strong><a href=\"http:\/\/devocion.seminariobiblicocucuta.org\/versiones\" target=\"_blank\" rel=\"noopener\">*<\/a><\/strong><\/li>\n<li>El texto redactado por Chambers, traducido al castellano (\u00abEn pos de lo supremo\u00bb), se repoduce en integridad.<\/li>\n<li>Un comentario personal concluye la presentaci\u00f3n, con la doble intenci\u00f3n de contemporizar y animar a otros comentarios.<\/li>\n<\/ol>\n<h2>Interacci\u00f3n<\/h2>\n<p>En nuestro tiempo moderno, un blog es una publicaci\u00f3n ideal para abrir a diario\u00a0un devocional dirigido a un c\u00edrculo amplio de personas. M\u00e1s que esto, el blog permite y desaf\u00eda al lector a que agregue sus propias conclusiones y las de a conocer y contestar a la comunidad de los lectores.<\/p>\n<p>\u00bfC\u00f3mo hacerlo? S\u00f3lo necesita buscar su <a href=\"http:\/\/devocion.seminariobiblicocucuta.org\/tiquetes\" target=\"_blank\" rel=\"noopener\">tiquete en la taquilla<\/a> para registrar\u00a0\u00a0su nombre y direcci\u00f3n de correo electr\u00f3nico. Luego, puede sencillamente ir al <a href=\"http:\/\/devocion.seminariobiblicocucuta.org\/check-in\" target=\"_blank\" rel=\"noopener\">check-in<\/a> para enviar su comentario.<\/p>\n<h2>Estructura<\/h2>\n<ul>\n<li>DEVOCIONALES: se encuentran en la p\u00e1gina del mismo nombre, con el m\u00e1s reciente arriba.<\/li>\n<li>DEVOCI\u00d3N: esta p\u00e1gina de inicio que explica el concepto principal del sitio.<\/li>\n<li>ESTACIONES: los m\u00e1s destacados de los devocionales de Oswald Chambers, separados en tem\u00e1ticas de importancia para el lector de nuestro tiempo<\/li>\n<li>VIAJEROS : el directorio de suscritores<\/li>\n<li>AUTOR: la vida misma de Oswald Chambers ilustra su comprensi\u00f3n de la existencia cristiana.<\/li>\n<\/ul>\n<h2>Deseo final<\/h2>\n<p>Con lo anterior en mente, tengo la expectativa que paulatinamente m\u00e1s y m\u00e1s personas que, como yo, anhelan tanto la perfecci\u00f3n del discipulado como el encuentro personal e \u00edntimo con Jes\u00fas, se unan y que todo esto sea de agrado para el Se\u00f1or que es a la vez sujeto y objeto de nuestra devoci\u00f3n.<\/p>\n\n\n<p><\/p>\n","protected":false},"excerpt":{"rendered":"<p>Lo m\u00e1ximo de m\u00ed por lo supremo de \u00c9l Euseb\u00e9s es la palabra griega a veces traducida como piedad, en otras ocasiones como devoci\u00f3n. Lo que describe es una sagrada contemplaci\u00f3n maravillada, llena de admiraci\u00f3n, y una reverencia bien dirigida &hellip; <a href=\"https:\/\/devocion.seminariobiblicocucuta.org\/index.php\/devocion\/\">Sigue leyendo <span class=\"meta-nav\">&rarr;<\/span><\/a><\/p>\n","protected":false},"author":1,"featured_media":0,"parent":0,"menu_order":0,"comment_status":"closed","ping_status":"closed","template":"","meta":{"footnotes":""},"_links":{"self":[{"href":"https:\/\/devocion.seminariobiblicocucuta.org\/index.php\/wp-json\/wp\/v2\/pages\/1945"}],"collection":[{"href":"https:\/\/devocion.seminariobiblicocucuta.org\/index.php\/wp-json\/wp\/v2\/pages"}],"about":[{"href":"https:\/\/devocion.seminariobiblicocucuta.org\/index.php\/wp-json\/wp\/v2\/types\/page"}],"author":[{"embeddable":true,"href":"https:\/\/devocion.seminariobiblicocucuta.org\/index.php\/wp-json\/wp\/v2\/users\/1"}],"replies":[{"embeddable":true,"href":"https:\/\/devocion.seminariobiblicocucuta.org\/index.php\/wp-json\/wp\/v2\/comments?post=1945"}],"version-history":[{"count":4,"href":"https:\/\/devocion.seminariobiblicocucuta.org\/index.php\/wp-json\/wp\/v2\/pages\/1945\/revisions"}],"predecessor-version":[{"id":2036,"href":"https:\/\/devocion.seminariobiblicocucuta.org\/index.php\/wp-json\/wp\/v2\/pages\/1945\/revisions\/2036"}],"wp:attachment":[{"href":"https:\/\/devocion.seminariobiblicocucuta.org\/index.php\/wp-json\/wp\/v2\/media?parent=1945"}],"curies":[{"name":"wp","href":"https:\/\/api.w.org\/{rel}","templated":true}]}}